4989 a composite number?
False
Is 1400836331 a prime number?
True
Is 3652290821 a composite number?
False
Is 5527309313 a prime number?
True
Is 985879757 composite?
True
Is 149754743 a composite number?
False
Is 34706561657 composite?
False
Is 46639419457 a prime number?
True
Is 2386151737 prime?
False
Is 20298799489 a prime number?
True
Is 58993303 a prime number?
False
Is 190255074089 a composite number?
True
Is 6389846003 a prime number?
True
Is 11905181809 prime?
True
Is 18469507 a composite number?
True
Is 1760805799 a composite number?
True
Is 346560217 prime?
True
Is 17870471677 composite?
True
Is 149150717 composite?
False
Is 10570338893 composite?
True
Is 360706778041 a prime number?
False
Is 11031157637 prime?
True
Is 113475374021 prime?
False
Is 1679485105 a prime number?
False
Is 1758018547 a prime number?
False
Is 444767117 composite?
False
Is 1938236099 prime?
False
Is 3395162297 a prime number?
True
Is 537554939 composite?
True
Is 95734838293 a composite number?
True
Is 6115159909 composite?
True
Is 553189669 composite?
True
Is 244867901 a composite number?
False
Is 41287271653 composite?
True
Is 51317573473 a prime number?
True
Is 2307653251 prime?
True
Is 91481909 a prime number?
True
Is 169785709 composite?
True
Is 708927517 prime?
True
Is 64954002706 prime?
False
Is 71731568603 composite?
True
Is 15401977 a prime number?
True
Is 2099701427 a composite number?
False
Is 65790067591 prime?
True
Is 4080440711 prime?
True
Is 1783668259 composite?
False
Is 44189573 a prime number?
False
Is 3661903913 a composite number?
False
Is 1774401443 prime?
True
Is 8905691507 composite?
True
Is 169948621823 a prime number?
True
Is 103835659 a prime number?
False
Is 15312425167 a prime number?
False
Is 67245893881 composite?
False
Is 1085222849 prime?
False
Is 2516603 a prime number?
True
Is 11566483697 prime?
True
Is 476757433 prime?
True
Is 12018144031 a composite number?
False
Is 60709043 a composite number?
True
Is 4213557827 composite?
False
Is 43816181 a composite number?
False
Is 25587711647 prime?
True
Is 5793321671 prime?
True
Is 56978966893 composite?
True
Is 1242708197 composite?
False
Is 11754898009 a composite number?
True
Is 620296261 composite?
True
Is 250698587 a prime number?
False
Is 79433779234 prime?
False
Is 2682606767 a prime number?
True
Is 144469903 composite?
False
Is 936299783 prime?
True
Is 2893876493 a prime number?
False
Is 862908577 a composite number?
False
Is 78490841833 prime?
True
Is 2519912389 a composite number?
False
Is 17260153189 a composite number?
True
Is 5681937097 prime?
True
Is 63819168983 a composite number?
False
Is 480808133 prime?
False
Is 334142591 prime?
False
Is 1090381979 a prime number?
False
Is 9859861631 a composite number?
True
Is 14072537497 prime?
True
Is 24738436655 a prime number?
False
Is 16860637889 composite?
True
Is 30518760385 composite?
True
Is 1632587513 prime?
True
Is 80640558503 a composite number?
True
Is 4446501911 composite?
False
Is 505252429 a composite number?
True
Is 7895741759 a prime number?
True
Is 2945787139 a composite number?
False
Is 242557883921 a prime number?
True
Is 430148099 prime?
False
Is 474552839473 a composite number?
True
Is 278255017 prime?
True
Is 15394814101 composite?
False
Is 6183132763 a prime number?
True
Is 8363635967 a prime number?
False
Is 296709521 a prime number?
True
Is 45355131093 a composite number?
True
Is 89942753 a composite number?
False
Is 6379660883 a prime number?
False
Is 4446269987 composite?
True
Is 12059941277 a prime number?
True
Is 2167109921 a prime number?
True
Is 19401449035 a composite number?
True
Is 3916028677 a prime number?
False
Is 3288437797 a composite number?
True
Is 35798927 a prime number?
True
Is 36157291 a composite number?
False
Is 606126998 prime?
False
Is 2788343581 composite?
True
Is 2900563297 a prime number?
True
Is 5496477997 composite?
False
Is 524573689 a composite number?
False
Is 388527277 composite?
False
Is 7010695789 prime?
True
Is 349105349 a composite number?
False
Is 3347520667 prime?
False
Is 43127959933 prime?
True
Is 52450041463 composite?
True
Is 255935261 composite?
True
Is 685838297 a composite number?
False
Is 3179011877 prime?
False
Is 948452003 a composite number?
True
Is 4471529137 a prime number?
False
Is 3194159783 a prime number?
True
Is 3424007045 prime?
False
Is 498177181 a composite number?
False
Is 1780005142 composite?
True
Is 2304718579 prime?
False
Is 31008661609 a prime number?
True
Is 2246249263 prime?
True
Is 575483451 prime?
False
Is 16794526333 a composite number?
True
Is 14048443939 a composite number?
True
Is 2156952179 a prime number?
True
Is 1635944039 prime?
True
Is 3277368889 prime?
True
Is 341586779 composite?
False
Is 774256199 composite?
True
Is 15174371 prime?
True
Is 1823370181 a composite number?
False
Is 25030965413 a composite number?
False
Is 31642700953 composite?
True
Is 8632155769 a prime number?
True
Is 63052042 prime?
False
Is 56218603361 a composite number?
True
Is 1629704971 composite?
True
Is 3901753997 composite?
True
Is 37272701209 composite?
False
Is 1165143031 a prime number?
False
Is 336038827 prime?
True
Is 11469085429 prime?
False
Is 10843578677 a composite number?
True
Is 135991972267 prime?
True
Is 2456418251 composite?
True
Is 105091673857 a composite number?
False
Is 3443316521 a prime number?
True
Is 7512287357 composite?
True
Is 2551637717 prime?
True
Is 20204193539 composite?
False
Is 107821793 a composite number?
True
Is 7845757639 a prime number?
False
Is 3030068091 prime?
False
Is 797219758 a composite number?
True
Is 132051981 a composite number?
True
Is 47417304593 prime?
False
Is 57668917501 a composite number?
True
Is 5681495801 a composite number?
True
Is 633674087 a composite number?
True
Is 565833977 a composite number?
False
Is 284362006039 a prime number?
True
Is 13331462857 a composite number?
False
Is 231763234219 composite?
True
Is 372699137 composite?
False
Is 39181207307 composite?
True
Is 2119448281 composite?
False
Is 1404733201 prime?
True
Is 16332972599 prime?
True
Is 1451697179 a prime number?
False
Is 673962383 a composite number?
False
Is 1984528963 composite?
False
Is 10942881863 a composite number?
False
Is 17105643101 a composite number?
False
Is 106607357551 a composite number?
False
Is 483969531 composite?
True
Is 37942096477 prime?
True
Is 337720057 a composite number?
False
Is 357399739 a prime number?
False
Is 18656069 composite?
False
Is 31309513 composite?
False
Is 1345547407 a prime number?
False
Is 3502195457 composite?
True
Is 1416069173 a composite number?
False
Is 14766961463 prime?
True
Is 474057821 a composite number?
False
Is 189527533711 a prime number?
True
Is 120010353 a prime number?
False
Is 842553329 prime?
True
Is 6658963958 prime?
False
Is 1441668089 a prime number?
True
Is 4129008839 composite?
True
Is 763610927 a composite number?
True
Is 83001819 a composite number?
True
Is 33907726343 prime?
False
Is 1424897123 a composite number?
True
Is 58043199611 composite?
False
Is 74239954867 prime?
False
Is 1054203077 a composite number?
False
Is 13299082759 composite?
True
Is 1387679869 a prime number?
True
Is 9532533023 composite?
True
Is 5168032921 composite?
False
Is 1619493497 a composite number?
False
Is 1372174213 composite?
True
Is 780422387 composite?
False
Is 1304465819 composite?
False
Is 330693421 composite?
False
Is 4682258377 a composite number?
False
Is 331856299 composite?
True
Is 405082241 composite?
False
Is 91783577 a composite number?
False
Is 406680437 a composite number?
False
Is 2585030381 prime?
False
Is 1898614967 a composite number?
False
Is 32850469559 composite?
True
Is 26188070459 a composite number?
True
Is 273958021 composite?
False
Is 270889818181 prime?
True
Is 25369599221 composite?
False
Is 3354761833 a prime number?
True
Is 1904778431 composite?
False
Is 3455329327 a composite number?
True
Is 856079893 prime?
True
Is 1009614061 composite?
False
Is 66841397005 a prime number?
False
Is 7551495551 prime?
False
Is 305737049 a prime number?
False
Is 48303911479 a prime number?
False
Is 18553832581 composite?
True
Is 4588968019 prime?
True
Is 1019617903 composite?
False
Is 602632553 a prime number?
True
Is 2760769579 prime?
False
Is 224946299 prime?
T